{"id":2,"date":"2025-01-27T17:18:42","date_gmt":"2025-01-27T16:18:42","guid":{"rendered":"https:\/\/magnet.pictory.cz:7443\/?page_id=2"},"modified":"2025-03-29T18:41:19","modified_gmt":"2025-03-29T17:41:19","slug":"o-projektu","status":"publish","type":"page","link":"https:\/\/katalogmagnet.cz\/o-projektu\/","title":{"rendered":"O projektu"},"content":{"rendered":"<p>Katalog z\u00e1silkov\u00e9 slu\u017eby Magnet byl ji\u017e od roku 1967 \u010deskoslovenskou obdobou z\u00e1padn\u00edch z\u00e1silkov\u00fdch slu\u017eeb. Dnes je tato souvisl\u00e1 \u0159ada katalog\u016f zat\u00edm nedocen\u011bn\u00fdm dokladem, systematicky zachycuj\u00edc\u00edm sortiment socialistick\u00e9ho hospod\u00e1\u0159stv\u00ed. Projekt online katalogu Magnet by se m\u011bl st\u00e1t referen\u010dn\u00ed datab\u00e1z\u00ed pro historick\u00fd popis \u010deskoslovensk\u00e9ho pr\u016fmyslu a designu 60.\u201380. let a vytvo\u0159it z\u00e1rove\u0148 komplexn\u00ed \u010dasovou osu, vykresluj\u00edc\u00ed n\u00e1stup designov\u00fdch m\u00f3d i rozvoj technologick\u00e9ho pokroku. Pro pilotn\u00ed verzi v roce 2024, kterou UPM p\u0159ipravilo ve spolupr\u00e1ci s pictory z.s., jsme zpracovali sortiment hra\u010dek, elektroniky, skla a porcel\u00e1nu.<\/p>\n<p>koncepce: Pavel Van\u010d\u00e1t, pictory z.s.<br \/>\nodborn\u00e1 supervize: Radim Vondr\u00e1\u010dek, UPM<br \/>\nprogramov\u00e1n\u00ed: Ale\u0161 Loziak, Marek \u0160t\u011bp\u00e1n<br \/>\ngrafika: Martin Van\u010d\u00e1t<br \/>\ndatamining: Marek \u0160t\u011bp\u00e1n, Pavel Van\u010d\u00e1t, Luk\u00e1\u0161 Gliniarczyk<\/p>\n<p>\u00a9 pictory z.s. \/ Um\u011bleckopr\u016fmyslov\u00e9 museum v Praze, 2004<\/p>\n<p>pod\u011bkov\u00e1n\u00ed \/ konzultace: Du\u0161an \u0160im\u00e1nek, Ad\u00e9la Wiesenbergov\u00e1, Jaroslav \u0160imandl, Frederick Bulsara, Lenka Jasansk\u00e1, Miroslav Velfl<\/p>\n<p>Projekt byl podpo\u0159en z prost\u0159edk\u016f N\u00e1rodn\u00edho pl\u00e1nu obnovy<\/p>\n<p><a href=\"https:\/\/katalogmagnet.cz\/wp-content\/uploads\/2025\/01\/npo-eu-mkcr.svg\"><img loading=\"lazy\" decoding=\"async\" class=\"alignnone wp-image-733\" src=\"https:\/\/katalogmagnet.cz\/wp-content\/uploads\/2025\/01\/npo-eu-mkcr.svg\" alt=\"\" width=\"482\" height=\"47\" \/><\/a>\u00a0 \u00a0 <img loading=\"lazy\" decoding=\"async\" class=\"alignnone wp-image-735\" src=\"https:\/\/katalogmagnet.cz\/wp-content\/uploads\/2025\/01\/upm.svg\" alt=\"\" width=\"90\" height=\"30\" \/>\u00a0 \u00a0 \u00a0<img loading=\"lazy\" decoding=\"async\" class=\"alignnone wp-image-734\" src=\"https:\/\/katalogmagnet.cz\/wp-content\/uploads\/2025\/01\/pictory.svg\" alt=\"\" width=\"131\" height=\"35\" \/><\/p>\n","protected":false},"excerpt":{"rendered":"<p>Katalog z\u00e1silkov\u00e9 slu\u017eby Magnet byl ji\u017e od roku 1967 \u010deskoslovenskou obdobou z\u00e1padn\u00edch z\u00e1silkov\u00fdch slu\u017eeb. Dnes je tato souvisl\u00e1 \u0159ada katalog\u016f zat\u00edm nedocen\u011bn\u00fdm dokladem, systematicky zachycuj\u00edc\u00edm sortiment socialistick\u00e9ho hospod\u00e1\u0159stv\u00ed. Projekt online katalogu Magnet by se m\u011bl st\u00e1t referen\u010dn\u00ed datab\u00e1z\u00ed pro historick\u00fd popis \u010deskoslovensk\u00e9ho pr\u016fmyslu a designu 60.\u201380. let a vytvo\u0159it z\u00e1rove\u0148 komplexn\u00ed \u010dasovou osu, vykresluj\u00edc\u00ed n\u00e1stup [&hellip;]<\/p>\n","protected":false},"author":1,"featured_media":0,"parent":0,"menu_order":0,"comment_status":"closed","ping_status":"closed","template":"","meta":{"_acf_changed":false,"footnotes":""},"class_list":["post-2","page","type-page","status-publish","hentry"],"acf":[],"_links":{"self":[{"href":"https:\/\/katalogmagnet.cz\/wp-json\/wp\/v2\/pages\/2","targetHints":{"allow":["GET"]}}],"collection":[{"href":"https:\/\/katalogmagnet.cz\/wp-json\/wp\/v2\/pages"}],"about":[{"href":"https:\/\/katalogmagnet.cz\/wp-json\/wp\/v2\/types\/page"}],"author":[{"embeddable":true,"href":"https:\/\/katalogmagnet.cz\/wp-json\/wp\/v2\/users\/1"}],"replies":[{"embeddable":true,"href":"https:\/\/katalogmagnet.cz\/wp-json\/wp\/v2\/comments?post=2"}],"version-history":[{"count":3,"href":"https:\/\/katalogmagnet.cz\/wp-json\/wp\/v2\/pages\/2\/revisions"}],"predecessor-version":[{"id":13536,"href":"https:\/\/katalogmagnet.cz\/wp-json\/wp\/v2\/pages\/2\/revisions\/13536"}],"wp:attachment":[{"href":"https:\/\/katalogmagnet.cz\/wp-json\/wp\/v2\/media?parent=2"}],"curies":[{"name":"wp","href":"https:\/\/api.w.org\/{rel}","templated":true}]}}